{"id":1824,"date":"2021-02-08T19:58:25","date_gmt":"2021-02-08T18:58:25","guid":{"rendered":"http:\/\/fwwh.ch\/?page_id=1824"},"modified":"2021-02-14T15:01:25","modified_gmt":"2021-02-14T14:01:25","slug":"motorspritze","status":"publish","type":"page","link":"https:\/\/fwwh.ch\/index.php\/motorspritze\/","title":{"rendered":"Motorspritze"},"content":{"rendered":"\t\t<div data-elementor-type=\"wp-page\" data-elementor-id=\"1824\" class=\"elementor elementor-1824\" data-elementor-post-type=\"page\">\n\t\t\t\t\t\t<section class=\"elementor-section elementor-top-section elementor-element elementor-element-a8fc08d elementor-section-boxed elementor-section-height-default elementor-section-height-default\" data-id=\"a8fc08d\" data-element_type=\"section\" data-e-type=\"section\">\n\t\t\t\t\t\t<div class=\"elementor-container elementor-column-gap-default\">\n\t\t\t\t\t<div class=\"elementor-column elementor-col-100 elementor-top-column elementor-element elementor-element-d863555\" data-id=\"d863555\" data-element_type=\"column\" data-e-type=\"column\">\n\t\t\t<div class=\"elementor-widget-wrap elementor-element-populated\">\n\t\t\t\t\t\t<div class=\"elementor-element elementor-element-fe69631 elementor-widget elementor-widget-heading\" data-id=\"fe69631\" data-element_type=\"widget\" data-e-type=\"widget\" data-widget_type=\"heading.default\">\n\t\t\t\t<div class=\"elementor-widget-container\">\n\t\t\t\t\t<h1 class=\"elementor-heading-title elementor-size-default\">Motorspritze<\/h1>\t\t\t\t<\/div>\n\t\t\t\t<\/div>\n\t\t\t\t\t<\/div>\n\t\t<\/div>\n\t\t\t\t\t<\/div>\n\t\t<\/section>\n\t\t\t\t<section class=\"elementor-section elementor-top-section elementor-element elementor-element-dc6408e elementor-section-boxed elementor-section-height-default elementor-section-height-default\" data-id=\"dc6408e\" data-element_type=\"section\" data-e-type=\"section\">\n\t\t\t\t\t\t<div class=\"elementor-container elementor-column-gap-default\">\n\t\t\t\t\t<div class=\"elementor-column elementor-col-100 elementor-top-column elementor-element elementor-element-1f2c44f\" data-id=\"1f2c44f\" data-element_type=\"column\" data-e-type=\"column\">\n\t\t\t<div class=\"elementor-widget-wrap elementor-element-populated\">\n\t\t\t\t\t\t<div class=\"elementor-element elementor-element-98940be elementor-widget elementor-widget-text-editor\" data-id=\"98940be\" data-element_type=\"widget\" data-e-type=\"widget\" data-widget_type=\"text-editor.default\">\n\t\t\t\t<div class=\"elementor-widget-container\">\n\t\t\t\t\t\t\t\t\t<p>Unsere zwei Motorspritzenanh\u00e4nger dienen dazu, um unabh\u00e4ngig von vor Ort vorhandenen Hydranten wasser aus fliessenden und stehenden Gew\u00e4ssern anzusaugen und auch \u00fcber gr\u00f6ssere Entfernungen zu transportieren. Wir haben noch eine weitere Motorspritze auf dem HLF.\u00a0<\/p>\t\t\t\t\t\t\t\t<\/div>\n\t\t\t\t<\/div>\n\t\t\t\t<div class=\"elementor-element elementor-element-22738dc elementor-widget elementor-widget-html\" data-id=\"22738dc\" data-element_type=\"widget\" data-e-type=\"widget\" data-widget_type=\"html.default\">\n\t\t\t\t<div class=\"elementor-widget-container\">\n\t\t\t\t\t\n<table id=\"tablepress-14\" class=\"tablepress tablepress-id-14\">\n<tbody class=\"row-striping row-hover\">\n<tr class=\"row-1\">\n\t<td class=\"column-1\">Fahrzeugtyp<\/td><td class=\"column-2\">Anh\u00e4nger<\/td>\n<\/tr>\n<tr class=\"row-2\">\n\t<td class=\"column-1\">Baujahr<\/td><td class=\"column-2\">1985<\/td>\n<\/tr>\n<tr class=\"row-3\">\n\t<td class=\"column-1\">Ausstattung<\/td><td class=\"column-2\">Motorspritze FPN 10-1500<br \/>\n160m 75er Schlauch<br \/>\nAnsaugschl\u00e4uche mit Seiher<br \/>\nL\u00f6scharmaturen<\/td>\n<\/tr>\n<tr class=\"row-4\">\n\t<td class=\"column-1\">Anzahl<\/td><td class=\"column-2\">1x in Wittenbach \/ 1x in H\u00e4ggenschwil<\/td>\n<\/tr>\n<\/tbody>\n<\/table>\n<!-- #tablepress-14 from cache -->\t\t\t\t<\/div>\n\t\t\t\t<\/div>\n\t\t\t\t\t<\/div>\n\t\t<\/div>\n\t\t\t\t\t<\/div>\n\t\t<\/section>\n\t\t\t\t<section class=\"elementor-section elementor-top-section elementor-element elementor-element-8199997 elementor-section-boxed elementor-section-height-default elementor-section-height-default\" data-id=\"8199997\" data-element_type=\"section\" data-e-type=\"section\">\n\t\t\t\t\t\t<div class=\"elementor-container elementor-column-gap-default\">\n\t\t\t\t\t<div class=\"elementor-column elementor-col-100 elementor-top-column elementor-element elementor-element-19a2c37\" data-id=\"19a2c37\" data-element_type=\"column\" data-e-type=\"column\">\n\t\t\t<div class=\"elementor-widget-wrap elementor-element-populated\">\n\t\t\t\t\t\t<div class=\"elementor-element elementor-element-01ae433 elementor-widget elementor-widget-image-gallery\" data-id=\"01ae433\" data-element_type=\"widget\" data-e-type=\"widget\" data-widget_type=\"image-gallery.default\">\n\t\t\t\t<div class=\"elementor-widget-container\">\n\t\t\t\t\t\t\t<div class=\"elementor-image-gallery\">\n\t\t\t<div id='gallery-1' class='gallery galleryid-1824 gallery-columns-2 gallery-size-full'><figure class='gallery-item'>\n\t\t\t<div class='gallery-icon landscape'>\n\t\t\t\t<a data-elementor-open-lightbox=\"yes\" data-elementor-lightbox-slideshow=\"01ae433\" data-elementor-lightbox-title=\"MS\" data-e-action-hash=\"#elementor-action%3Aaction%3Dlightbox%26settings%3DeyJpZCI6MjE5MywidXJsIjoiaHR0cHM6XC9cL2Z3d2guY2hcL3dwLWNvbnRlbnRcL3VwbG9hZHNcLzIwMjFcLzAyXC9tcy0xLnBuZyIsInNsaWRlc2hvdyI6IjAxYWU0MzMifQ%3D%3D\" href=\"https:\/\/i0.wp.com\/fwwh.ch\/wp-content\/uploads\/2021\/02\/ms-1.png?ssl=1\"><img fetchpriority=\"high\" decoding=\"async\" width=\"1717\" height=\"1287\" src=\"https:\/\/i0.wp.com\/fwwh.ch\/wp-content\/uploads\/2021\/02\/ms-1.png?fit=1717%2C1287&amp;ssl=1\" class=\"attachment-full size-full\" alt=\"\" srcset=\"https:\/\/i0.wp.com\/fwwh.ch\/wp-content\/uploads\/2021\/02\/ms-1.png?w=1717&amp;ssl=1 1717w, https:\/\/i0.wp.com\/fwwh.ch\/wp-content\/uploads\/2021\/02\/ms-1.png?resize=300%2C225&amp;ssl=1 300w, https:\/\/i0.wp.com\/fwwh.ch\/wp-content\/uploads\/2021\/02\/ms-1.png?resize=1024%2C768&amp;ssl=1 1024w, https:\/\/i0.wp.com\/fwwh.ch\/wp-content\/uploads\/2021\/02\/ms-1.png?resize=768%2C576&amp;ssl=1 768w, https:\/\/i0.wp.com\/fwwh.ch\/wp-content\/uploads\/2021\/02\/ms-1.png?resize=1536%2C1151&amp;ssl=1 1536w\" sizes=\"(max-width: 1200px) 100vw, 1200px\" \/><\/a>\n\t\t\t<\/div><\/figure><figure class='gallery-item'>\n\t\t\t<div class='gallery-icon landscape'>\n\t\t\t\t<a data-elementor-open-lightbox=\"yes\" data-elementor-lightbox-slideshow=\"01ae433\" data-elementor-lightbox-title=\"ms\" data-e-action-hash=\"#elementor-action%3Aaction%3Dlightbox%26settings%3DeyJpZCI6MjEzMiwidXJsIjoiaHR0cHM6XC9cL2Z3d2guY2hcL3dwLWNvbnRlbnRcL3VwbG9hZHNcLzIwMjFcLzAyXC9tcy1zY2FsZWQuanBlZyIsInNsaWRlc2hvdyI6IjAxYWU0MzMifQ%3D%3D\" href=\"https:\/\/i0.wp.com\/fwwh.ch\/wp-content\/uploads\/2021\/02\/ms-scaled.jpeg?ssl=1\"><img decoding=\"async\" width=\"2560\" height=\"1920\" src=\"https:\/\/i0.wp.com\/fwwh.ch\/wp-content\/uploads\/2021\/02\/ms-scaled.jpeg?fit=2560%2C1920&amp;ssl=1\" class=\"attachment-full size-full\" alt=\"\" srcset=\"https:\/\/i0.wp.com\/fwwh.ch\/wp-content\/uploads\/2021\/02\/ms-scaled.jpeg?w=2560&amp;ssl=1 2560w, https:\/\/i0.wp.com\/fwwh.ch\/wp-content\/uploads\/2021\/02\/ms-scaled.jpeg?resize=300%2C225&amp;ssl=1 300w, https:\/\/i0.wp.com\/fwwh.ch\/wp-content\/uploads\/2021\/02\/ms-scaled.jpeg?resize=1024%2C768&amp;ssl=1 1024w, https:\/\/i0.wp.com\/fwwh.ch\/wp-content\/uploads\/2021\/02\/ms-scaled.jpeg?resize=768%2C576&amp;ssl=1 768w, https:\/\/i0.wp.com\/fwwh.ch\/wp-content\/uploads\/2021\/02\/ms-scaled.jpeg?resize=1536%2C1152&amp;ssl=1 1536w, https:\/\/i0.wp.com\/fwwh.ch\/wp-content\/uploads\/2021\/02\/ms-scaled.jpeg?resize=2048%2C1536&amp;ssl=1 2048w, https:\/\/i0.wp.com\/fwwh.ch\/wp-content\/uploads\/2021\/02\/ms-scaled.jpeg?w=2400&amp;ssl=1 2400w\" sizes=\"(max-width: 1200px) 100vw, 1200px\" \/><\/a>\n\t\t\t<\/div><\/figure><figure class='gallery-item'>\n\t\t\t<div class='gallery-icon landscape'>\n\t\t\t\t<a data-elementor-open-lightbox=\"yes\" data-elementor-lightbox-slideshow=\"01ae433\" data-elementor-lightbox-title=\"MS_1\" data-e-action-hash=\"#elementor-action%3Aaction%3Dlightbox%26settings%3DeyJpZCI6MjE5MSwidXJsIjoiaHR0cHM6XC9cL2Z3d2guY2hcL3dwLWNvbnRlbnRcL3VwbG9hZHNcLzIwMjFcLzAyXC9EYXRlaV8wMDQtMS1taW4tc2NhbGVkLmpwZWciLCJzbGlkZXNob3ciOiIwMWFlNDMzIn0%3D\" href=\"https:\/\/i0.wp.com\/fwwh.ch\/wp-content\/uploads\/2021\/02\/Datei_004-1-min-scaled.jpeg?ssl=1\"><img decoding=\"async\" width=\"2560\" height=\"1920\" src=\"https:\/\/i0.wp.com\/fwwh.ch\/wp-content\/uploads\/2021\/02\/Datei_004-1-min-scaled.jpeg?fit=2560%2C1920&amp;ssl=1\" class=\"attachment-full size-full\" alt=\"\" srcset=\"https:\/\/i0.wp.com\/fwwh.ch\/wp-content\/uploads\/2021\/02\/Datei_004-1-min-scaled.jpeg?w=2560&amp;ssl=1 2560w, https:\/\/i0.wp.com\/fwwh.ch\/wp-content\/uploads\/2021\/02\/Datei_004-1-min-scaled.jpeg?resize=300%2C225&amp;ssl=1 300w, https:\/\/i0.wp.com\/fwwh.ch\/wp-content\/uploads\/2021\/02\/Datei_004-1-min-scaled.jpeg?resize=1024%2C768&amp;ssl=1 1024w, https:\/\/i0.wp.com\/fwwh.ch\/wp-content\/uploads\/2021\/02\/Datei_004-1-min-scaled.jpeg?resize=768%2C576&amp;ssl=1 768w, https:\/\/i0.wp.com\/fwwh.ch\/wp-content\/uploads\/2021\/02\/Datei_004-1-min-scaled.jpeg?resize=1536%2C1152&amp;ssl=1 1536w, https:\/\/i0.wp.com\/fwwh.ch\/wp-content\/uploads\/2021\/02\/Datei_004-1-min-scaled.jpeg?resize=2048%2C1536&amp;ssl=1 2048w, https:\/\/i0.wp.com\/fwwh.ch\/wp-content\/uploads\/2021\/02\/Datei_004-1-min-scaled.jpeg?w=2400&amp;ssl=1 2400w\" sizes=\"(max-width: 1200px) 100vw, 1200px\" \/><\/a>\n\t\t\t<\/div><\/figure><figure class='gallery-item'>\n\t\t\t<div class='gallery-icon landscape'>\n\t\t\t\t<a data-elementor-open-lightbox=\"yes\" data-elementor-lightbox-slideshow=\"01ae433\" data-elementor-lightbox-title=\"MS_2\" data-e-action-hash=\"#elementor-action%3Aaction%3Dlightbox%26settings%3DeyJpZCI6MjE5MCwidXJsIjoiaHR0cHM6XC9cL2Z3d2guY2hcL3dwLWNvbnRlbnRcL3VwbG9hZHNcLzIwMjFcLzAyXC9EYXRlaV8wMDEtMi1taW4tc2NhbGVkLmpwZWciLCJzbGlkZXNob3ciOiIwMWFlNDMzIn0%3D\" href=\"https:\/\/i0.wp.com\/fwwh.ch\/wp-content\/uploads\/2021\/02\/Datei_001-2-min-scaled.jpeg?ssl=1\"><img loading=\"lazy\" decoding=\"async\" width=\"2560\" height=\"1920\" src=\"https:\/\/i0.wp.com\/fwwh.ch\/wp-content\/uploads\/2021\/02\/Datei_001-2-min-scaled.jpeg?fit=2560%2C1920&amp;ssl=1\" class=\"attachment-full size-full\" alt=\"\" srcset=\"https:\/\/i0.wp.com\/fwwh.ch\/wp-content\/uploads\/2021\/02\/Datei_001-2-min-scaled.jpeg?w=2560&amp;ssl=1 2560w, https:\/\/i0.wp.com\/fwwh.ch\/wp-content\/uploads\/2021\/02\/Datei_001-2-min-scaled.jpeg?resize=300%2C225&amp;ssl=1 300w, https:\/\/i0.wp.com\/fwwh.ch\/wp-content\/uploads\/2021\/02\/Datei_001-2-min-scaled.jpeg?resize=1024%2C768&amp;ssl=1 1024w, https:\/\/i0.wp.com\/fwwh.ch\/wp-content\/uploads\/2021\/02\/Datei_001-2-min-scaled.jpeg?resize=768%2C576&amp;ssl=1 768w, https:\/\/i0.wp.com\/fwwh.ch\/wp-content\/uploads\/2021\/02\/Datei_001-2-min-scaled.jpeg?resize=1536%2C1152&amp;ssl=1 1536w, https:\/\/i0.wp.com\/fwwh.ch\/wp-content\/uploads\/2021\/02\/Datei_001-2-min-scaled.jpeg?resize=2048%2C1536&amp;ssl=1 2048w, https:\/\/i0.wp.com\/fwwh.ch\/wp-content\/uploads\/2021\/02\/Datei_001-2-min-scaled.jpeg?w=2400&amp;ssl=1 2400w\" sizes=\"(max-width: 1200px) 100vw, 1200px\" \/><\/a>\n\t\t\t<\/div><\/figure>\n\t\t<\/div>\n\t\t<\/div>\n\t\t\t\t\t\t<\/div>\n\t\t\t\t<\/div>\n\t\t\t\t\t<\/div>\n\t\t<\/div>\n\t\t\t\t\t<\/div>\n\t\t<\/section>\n\t\t\t\t<\/div>\n\t\t","protected":false},"excerpt":{"rendered":"<p>Motorspritze Unsere zwei Motorspritzenanh\u00e4nger dienen dazu, um unabh\u00e4ngig von vor Ort vorhandenen Hydranten wasser aus fliessenden und stehenden Gew\u00e4ssern anzusaugen und auch \u00fcber gr\u00f6ssere Entfernungen zu transportieren. Wir haben noch [&hellip;]<\/p>\n","protected":false},"author":1,"featured_media":0,"parent":0,"menu_order":0,"comment_status":"closed","ping_status":"closed","template":"","meta":{"ocean_post_layout":"","ocean_both_sidebars_style":"","ocean_both_sidebars_content_width":0,"ocean_both_sidebars_sidebars_width":0,"ocean_sidebar":"0","ocean_second_sidebar":"0","ocean_disable_margins":"enable","ocean_add_body_class":"","ocean_shortcode_before_top_bar":"","ocean_shortcode_after_top_bar":"","ocean_shortcode_before_header":"","ocean_shortcode_after_header":"","ocean_has_shortcode":"","ocean_shortcode_after_title":"","ocean_shortcode_before_footer_widgets":"","ocean_shortcode_after_footer_widgets":"","ocean_shortcode_before_footer_bottom":"","ocean_shortcode_after_footer_bottom":"","ocean_display_top_bar":"default","ocean_display_header":"default","ocean_header_style":"","ocean_center_header_left_menu":"0","ocean_custom_header_template":"0","ocean_custom_logo":0,"ocean_custom_retina_logo":0,"ocean_custom_logo_max_width":0,"ocean_custom_logo_tablet_max_width":0,"ocean_custom_logo_mobile_max_width":0,"ocean_custom_logo_max_height":0,"ocean_custom_logo_tablet_max_height":0,"ocean_custom_logo_mobile_max_height":0,"ocean_header_custom_menu":"0","ocean_menu_typo_font_family":"0","ocean_menu_typo_font_subset":"","ocean_menu_typo_font_size":0,"ocean_menu_typo_font_size_tablet":0,"ocean_menu_typo_font_size_mobile":0,"ocean_menu_typo_font_size_unit":"px","ocean_menu_typo_font_weight":"","ocean_menu_typo_font_weight_tablet":"","ocean_menu_typo_font_weight_mobile":"","ocean_menu_typo_transform":"","ocean_menu_typo_transform_tablet":"","ocean_menu_typo_transform_mobile":"","ocean_menu_typo_line_height":0,"ocean_menu_typo_line_height_tablet":0,"ocean_menu_typo_line_height_mobile":0,"ocean_menu_typo_line_height_unit":"","ocean_menu_typo_spacing":0,"ocean_menu_typo_spacing_tablet":0,"ocean_menu_typo_spacing_mobile":0,"ocean_menu_typo_spacing_unit":"","ocean_menu_link_color":"","ocean_menu_link_color_hover":"","ocean_menu_link_color_active":"","ocean_menu_link_background":"","ocean_menu_link_hover_background":"","ocean_menu_link_active_background":"","ocean_menu_social_links_bg":"","ocean_menu_social_hover_links_bg":"","ocean_menu_social_links_color":"","ocean_menu_social_hover_links_color":"","ocean_disable_title":"on","ocean_disable_heading":"default","ocean_post_title":"","ocean_post_subheading":"","ocean_post_title_style":"","ocean_post_title_background_color":"","ocean_post_title_background":0,"ocean_post_title_bg_image_position":"","ocean_post_title_bg_image_attachment":"","ocean_post_title_bg_image_repeat":"","ocean_post_title_bg_image_size":"","ocean_post_title_height":0,"ocean_post_title_bg_overlay":0.5,"ocean_post_title_bg_overlay_color":"","ocean_disable_breadcrumbs":"default","ocean_breadcrumbs_color":"","ocean_breadcrumbs_separator_color":"","ocean_breadcrumbs_links_color":"","ocean_breadcrumbs_links_hover_color":"","ocean_display_footer_widgets":"default","ocean_display_footer_bottom":"default","ocean_custom_footer_template":"0","footnotes":""},"class_list":["post-1824","page","type-page","status-publish","hentry","entry"],"yoast_head":"<!-- This site is optimized with the Yoast SEO plugin v27.5 - https:\/\/yoast.com\/product\/yoast-seo-wordpress\/ -->\n<title>Motorspritze - Feuerwehr Wittenbach-H\u00e4ggenschwil<\/title>\n<meta name=\"description\" content=\"Motorspritze %\" \/>\n<meta name=\"robots\" content=\"index, follow, max-snippet:-1, max-image-preview:large, max-video-preview:-1\" \/>\n<link rel=\"canonical\" href=\"https:\/\/fwwh.ch\/index.php\/motorspritze\/\" \/>\n<meta property=\"og:locale\" content=\"de_DE\" \/>\n<meta property=\"og:type\" content=\"article\" \/>\n<meta property=\"og:title\" content=\"Motorspritze - Feuerwehr Wittenbach-H\u00e4ggenschwil\" \/>\n<meta property=\"og:description\" content=\"Motorspritze %\" \/>\n<meta property=\"og:url\" content=\"https:\/\/fwwh.ch\/index.php\/motorspritze\/\" \/>\n<meta property=\"og:site_name\" content=\"Feuerwehr Wittenbach-H\u00e4ggenschwil\" \/>\n<meta property=\"article:publisher\" content=\"https:\/\/www.facebook.com\/fwwh.ch\" \/>\n<meta property=\"article:modified_time\" content=\"2021-02-14T14:01:25+00:00\" \/>\n<meta property=\"og:image\" content=\"http:\/\/fwwh.ch\/wp-content\/uploads\/2021\/02\/ms-1.png\" \/>\n<meta name=\"twitter:card\" content=\"summary_large_image\" \/>\n<script type=\"application\/ld+json\" class=\"yoast-schema-graph\">{\"@context\":\"https:\\\/\\\/schema.org\",\"@graph\":[{\"@type\":\"WebPage\",\"@id\":\"https:\\\/\\\/fwwh.ch\\\/index.php\\\/motorspritze\\\/\",\"url\":\"https:\\\/\\\/fwwh.ch\\\/index.php\\\/motorspritze\\\/\",\"name\":\"Motorspritze - Feuerwehr Wittenbach-H\u00e4ggenschwil\",\"isPartOf\":{\"@id\":\"https:\\\/\\\/fwwh.ch\\\/#website\"},\"primaryImageOfPage\":{\"@id\":\"https:\\\/\\\/fwwh.ch\\\/index.php\\\/motorspritze\\\/#primaryimage\"},\"image\":{\"@id\":\"https:\\\/\\\/fwwh.ch\\\/index.php\\\/motorspritze\\\/#primaryimage\"},\"thumbnailUrl\":\"http:\\\/\\\/fwwh.ch\\\/wp-content\\\/uploads\\\/2021\\\/02\\\/ms-1.png\",\"datePublished\":\"2021-02-08T18:58:25+00:00\",\"dateModified\":\"2021-02-14T14:01:25+00:00\",\"description\":\"Motorspritze %\",\"breadcrumb\":{\"@id\":\"https:\\\/\\\/fwwh.ch\\\/index.php\\\/motorspritze\\\/#breadcrumb\"},\"inLanguage\":\"de\",\"potentialAction\":[{\"@type\":\"ReadAction\",\"target\":[\"https:\\\/\\\/fwwh.ch\\\/index.php\\\/motorspritze\\\/\"]}]},{\"@type\":\"ImageObject\",\"inLanguage\":\"de\",\"@id\":\"https:\\\/\\\/fwwh.ch\\\/index.php\\\/motorspritze\\\/#primaryimage\",\"url\":\"http:\\\/\\\/fwwh.ch\\\/wp-content\\\/uploads\\\/2021\\\/02\\\/ms-1.png\",\"contentUrl\":\"http:\\\/\\\/fwwh.ch\\\/wp-content\\\/uploads\\\/2021\\\/02\\\/ms-1.png\"},{\"@type\":\"BreadcrumbList\",\"@id\":\"https:\\\/\\\/fwwh.ch\\\/index.php\\\/motorspritze\\\/#breadcrumb\",\"itemListElement\":[{\"@type\":\"ListItem\",\"position\":1,\"name\":\"Startseite\",\"item\":\"https:\\\/\\\/fwwh.ch\\\/\"},{\"@type\":\"ListItem\",\"position\":2,\"name\":\"Motorspritze\"}]},{\"@type\":\"WebSite\",\"@id\":\"https:\\\/\\\/fwwh.ch\\\/#website\",\"url\":\"https:\\\/\\\/fwwh.ch\\\/\",\"name\":\"Feuerwehr Wittenbach-H\u00e4ggenschwil\",\"description\":\"\",\"publisher\":{\"@id\":\"https:\\\/\\\/fwwh.ch\\\/#organization\"},\"potentialAction\":[{\"@type\":\"SearchAction\",\"target\":{\"@type\":\"EntryPoint\",\"urlTemplate\":\"https:\\\/\\\/fwwh.ch\\\/?s={search_term_string}\"},\"query-input\":{\"@type\":\"PropertyValueSpecification\",\"valueRequired\":true,\"valueName\":\"search_term_string\"}}],\"inLanguage\":\"de\"},{\"@type\":\"Organization\",\"@id\":\"https:\\\/\\\/fwwh.ch\\\/#organization\",\"name\":\"Feuerwehr Wittenbach-H\u00e4ggenschwil\",\"url\":\"https:\\\/\\\/fwwh.ch\\\/\",\"logo\":{\"@type\":\"ImageObject\",\"inLanguage\":\"de\",\"@id\":\"https:\\\/\\\/fwwh.ch\\\/#\\\/schema\\\/logo\\\/image\\\/\",\"url\":\"https:\\\/\\\/i0.wp.com\\\/fwwh.ch\\\/wp-content\\\/uploads\\\/2020\\\/12\\\/FWWH_Signet_1-1.jpg?fit=2157%2C1671&ssl=1\",\"contentUrl\":\"https:\\\/\\\/i0.wp.com\\\/fwwh.ch\\\/wp-content\\\/uploads\\\/2020\\\/12\\\/FWWH_Signet_1-1.jpg?fit=2157%2C1671&ssl=1\",\"width\":2157,\"height\":1671,\"caption\":\"Feuerwehr Wittenbach-H\u00e4ggenschwil\"},\"image\":{\"@id\":\"https:\\\/\\\/fwwh.ch\\\/#\\\/schema\\\/logo\\\/image\\\/\"},\"sameAs\":[\"https:\\\/\\\/www.facebook.com\\\/fwwh.ch\",\"https:\\\/\\\/www.instagram.com\\\/fwwh.ch\\\/\",\"https:\\\/\\\/www.youtube.com\\\/channel\\\/UC6GgVz5vGEAlQbxNXs1pTqA\"]}]}<\/script>\n<!-- \/ Yoast SEO plugin. -->","yoast_head_json":{"title":"Motorspritze - Feuerwehr Wittenbach-H\u00e4ggenschwil","description":"Motorspritze %","robots":{"index":"index","follow":"follow","max-snippet":"max-snippet:-1","max-image-preview":"max-image-preview:large","max-video-preview":"max-video-preview:-1"},"canonical":"https:\/\/fwwh.ch\/index.php\/motorspritze\/","og_locale":"de_DE","og_type":"article","og_title":"Motorspritze - Feuerwehr Wittenbach-H\u00e4ggenschwil","og_description":"Motorspritze %","og_url":"https:\/\/fwwh.ch\/index.php\/motorspritze\/","og_site_name":"Feuerwehr Wittenbach-H\u00e4ggenschwil","article_publisher":"https:\/\/www.facebook.com\/fwwh.ch","article_modified_time":"2021-02-14T14:01:25+00:00","og_image":[{"url":"http:\/\/fwwh.ch\/wp-content\/uploads\/2021\/02\/ms-1.png","type":"","width":"","height":""}],"twitter_card":"summary_large_image","schema":{"@context":"https:\/\/schema.org","@graph":[{"@type":"WebPage","@id":"https:\/\/fwwh.ch\/index.php\/motorspritze\/","url":"https:\/\/fwwh.ch\/index.php\/motorspritze\/","name":"Motorspritze - Feuerwehr Wittenbach-H\u00e4ggenschwil","isPartOf":{"@id":"https:\/\/fwwh.ch\/#website"},"primaryImageOfPage":{"@id":"https:\/\/fwwh.ch\/index.php\/motorspritze\/#primaryimage"},"image":{"@id":"https:\/\/fwwh.ch\/index.php\/motorspritze\/#primaryimage"},"thumbnailUrl":"http:\/\/fwwh.ch\/wp-content\/uploads\/2021\/02\/ms-1.png","datePublished":"2021-02-08T18:58:25+00:00","dateModified":"2021-02-14T14:01:25+00:00","description":"Motorspritze %","breadcrumb":{"@id":"https:\/\/fwwh.ch\/index.php\/motorspritze\/#breadcrumb"},"inLanguage":"de","potentialAction":[{"@type":"ReadAction","target":["https:\/\/fwwh.ch\/index.php\/motorspritze\/"]}]},{"@type":"ImageObject","inLanguage":"de","@id":"https:\/\/fwwh.ch\/index.php\/motorspritze\/#primaryimage","url":"http:\/\/fwwh.ch\/wp-content\/uploads\/2021\/02\/ms-1.png","contentUrl":"http:\/\/fwwh.ch\/wp-content\/uploads\/2021\/02\/ms-1.png"},{"@type":"BreadcrumbList","@id":"https:\/\/fwwh.ch\/index.php\/motorspritze\/#breadcrumb","itemListElement":[{"@type":"ListItem","position":1,"name":"Startseite","item":"https:\/\/fwwh.ch\/"},{"@type":"ListItem","position":2,"name":"Motorspritze"}]},{"@type":"WebSite","@id":"https:\/\/fwwh.ch\/#website","url":"https:\/\/fwwh.ch\/","name":"Feuerwehr Wittenbach-H\u00e4ggenschwil","description":"","publisher":{"@id":"https:\/\/fwwh.ch\/#organization"},"potentialAction":[{"@type":"SearchAction","target":{"@type":"EntryPoint","urlTemplate":"https:\/\/fwwh.ch\/?s={search_term_string}"},"query-input":{"@type":"PropertyValueSpecification","valueRequired":true,"valueName":"search_term_string"}}],"inLanguage":"de"},{"@type":"Organization","@id":"https:\/\/fwwh.ch\/#organization","name":"Feuerwehr Wittenbach-H\u00e4ggenschwil","url":"https:\/\/fwwh.ch\/","logo":{"@type":"ImageObject","inLanguage":"de","@id":"https:\/\/fwwh.ch\/#\/schema\/logo\/image\/","url":"https:\/\/i0.wp.com\/fwwh.ch\/wp-content\/uploads\/2020\/12\/FWWH_Signet_1-1.jpg?fit=2157%2C1671&ssl=1","contentUrl":"https:\/\/i0.wp.com\/fwwh.ch\/wp-content\/uploads\/2020\/12\/FWWH_Signet_1-1.jpg?fit=2157%2C1671&ssl=1","width":2157,"height":1671,"caption":"Feuerwehr Wittenbach-H\u00e4ggenschwil"},"image":{"@id":"https:\/\/fwwh.ch\/#\/schema\/logo\/image\/"},"sameAs":["https:\/\/www.facebook.com\/fwwh.ch","https:\/\/www.instagram.com\/fwwh.ch\/","https:\/\/www.youtube.com\/channel\/UC6GgVz5vGEAlQbxNXs1pTqA"]}]}},"jetpack_sharing_enabled":true,"_links":{"self":[{"href":"https:\/\/fwwh.ch\/index.php\/wp-json\/wp\/v2\/pages\/1824","targetHints":{"allow":["GET"]}}],"collection":[{"href":"https:\/\/fwwh.ch\/index.php\/wp-json\/wp\/v2\/pages"}],"about":[{"href":"https:\/\/fwwh.ch\/index.php\/wp-json\/wp\/v2\/types\/page"}],"author":[{"embeddable":true,"href":"https:\/\/fwwh.ch\/index.php\/wp-json\/wp\/v2\/users\/1"}],"replies":[{"embeddable":true,"href":"https:\/\/fwwh.ch\/index.php\/wp-json\/wp\/v2\/comments?post=1824"}],"version-history":[{"count":13,"href":"https:\/\/fwwh.ch\/index.php\/wp-json\/wp\/v2\/pages\/1824\/revisions"}],"predecessor-version":[{"id":2203,"href":"https:\/\/fwwh.ch\/index.php\/wp-json\/wp\/v2\/pages\/1824\/revisions\/2203"}],"wp:attachment":[{"href":"https:\/\/fwwh.ch\/index.php\/wp-json\/wp\/v2\/media?parent=1824"}],"curies":[{"name":"wp","href":"https:\/\/api.w.org\/{rel}","templated":true}]}}