{"id":81,"date":"2020-12-23T17:56:53","date_gmt":"2020-12-23T17:56:53","guid":{"rendered":"http:\/\/fwwh.ch\/?page_id=81"},"modified":"2021-06-02T14:51:21","modified_gmt":"2021-06-02T12:51:21","slug":"unsere-oldtimer","status":"publish","type":"page","link":"https:\/\/fwwh.ch\/index.php\/unsere-oldtimer\/","title":{"rendered":"FWV: Unsere Oldtimer"},"content":{"rendered":"\t\t<div data-elementor-type=\"wp-page\" data-elementor-id=\"81\" class=\"elementor elementor-81\" data-elementor-post-type=\"page\">\n\t\t\t\t\t\t<section class=\"elementor-section elementor-top-section elementor-element elementor-element-009c626 elementor-section-boxed elementor-section-height-default elementor-section-height-default\" data-id=\"009c626\" data-element_type=\"section\" data-e-type=\"section\">\n\t\t\t\t\t\t<div class=\"elementor-container elementor-column-gap-default\">\n\t\t\t\t\t<div class=\"elementor-column elementor-col-100 elementor-top-column elementor-element elementor-element-50ed69b\" data-id=\"50ed69b\" data-element_type=\"column\" data-e-type=\"column\">\n\t\t\t<div class=\"elementor-widget-wrap elementor-element-populated\">\n\t\t\t\t\t\t<div class=\"elementor-element elementor-element-c4189d2 elementor-widget elementor-widget-heading\" data-id=\"c4189d2\" data-element_type=\"widget\" data-e-type=\"widget\" data-widget_type=\"heading.default\">\n\t\t\t\t<div class=\"elementor-widget-container\">\n\t\t\t\t\t<h1 class=\"elementor-heading-title elementor-size-default\">Unsere Oldtimer<\/h1>\t\t\t\t<\/div>\n\t\t\t\t<\/div>\n\t\t\t\t\t<\/div>\n\t\t<\/div>\n\t\t\t\t\t<\/div>\n\t\t<\/section>\n\t\t\t\t<section class=\"elementor-section elementor-top-section elementor-element elementor-element-91077a2 elementor-section-boxed elementor-section-height-default elementor-section-height-default\" data-id=\"91077a2\" data-element_type=\"section\" data-e-type=\"section\">\n\t\t\t\t\t\t<div class=\"elementor-container elementor-column-gap-default\">\n\t\t\t\t\t<div class=\"elementor-column elementor-col-100 elementor-top-column elementor-element elementor-element-45b1f07\" data-id=\"45b1f07\" data-element_type=\"column\" data-e-type=\"column\">\n\t\t\t<div class=\"elementor-widget-wrap elementor-element-populated\">\n\t\t\t\t\t\t<div class=\"elementor-element elementor-element-72862d7 elementor-widget elementor-widget-text-editor\" data-id=\"72862d7\" data-element_type=\"widget\" data-e-type=\"widget\" data-widget_type=\"text-editor.default\">\n\t\t\t\t<div class=\"elementor-widget-container\">\n\t\t\t\t\t\t\t\t\t<p>Der Feuerwehr-Verein Wittenbach besitzt zwei Oldtimer.<\/p>\t\t\t\t\t\t\t\t<\/div>\n\t\t\t\t<\/div>\n\t\t\t\t\t<\/div>\n\t\t<\/div>\n\t\t\t\t\t<\/div>\n\t\t<\/section>\n\t\t\t\t<section class=\"elementor-section elementor-top-section elementor-element elementor-element-caf69a4 elementor-section-boxed elementor-section-height-default elementor-section-height-default\" data-id=\"caf69a4\" data-element_type=\"section\" data-e-type=\"section\">\n\t\t\t\t\t\t<div class=\"elementor-container elementor-column-gap-default\">\n\t\t\t\t\t<div class=\"elementor-column elementor-col-50 elementor-top-column elementor-element elementor-element-c1907b5\" data-id=\"c1907b5\" data-element_type=\"column\" data-e-type=\"column\">\n\t\t\t<div class=\"elementor-widget-wrap elementor-element-populated\">\n\t\t\t\t\t\t<div class=\"elementor-element elementor-element-5d95ca7 elementor-widget elementor-widget-image\" data-id=\"5d95ca7\" data-element_type=\"widget\" data-e-type=\"widget\" data-widget_type=\"image.default\">\n\t\t\t\t<div class=\"elementor-widget-container\">\n\t\t\t\t\t\t\t\t\t\t\t\t\t\t\t<img fetchpriority=\"high\" decoding=\"async\" width=\"550\" height=\"388\" src=\"https:\/\/i0.wp.com\/fwwh.ch\/wp-content\/uploads\/2021\/06\/Dodge-CC.jpg?fit=550%2C388&amp;ssl=1\" class=\"attachment-large size-large wp-image-2886\" alt=\"\" srcset=\"https:\/\/i0.wp.com\/fwwh.ch\/wp-content\/uploads\/2021\/06\/Dodge-CC.jpg?w=550&amp;ssl=1 550w, https:\/\/i0.wp.com\/fwwh.ch\/wp-content\/uploads\/2021\/06\/Dodge-CC.jpg?resize=300%2C212&amp;ssl=1 300w\" sizes=\"(max-width: 550px) 100vw, 550px\" \/>\t\t\t\t\t\t\t\t\t\t\t\t\t\t\t<\/div>\n\t\t\t\t<\/div>\n\t\t\t\t<div class=\"elementor-element elementor-element-e5ce31c elementor-widget elementor-widget-heading\" data-id=\"e5ce31c\" data-element_type=\"widget\" data-e-type=\"widget\" data-widget_type=\"heading.default\">\n\t\t\t\t<div class=\"elementor-widget-container\">\n\t\t\t\t\t<h2 class=\"elementor-heading-title elementor-size-default\">Dodge CC<\/h2>\t\t\t\t<\/div>\n\t\t\t\t<\/div>\n\t\t\t\t<div class=\"elementor-element elementor-element-90f1abc elementor-widget elementor-widget-text-editor\" data-id=\"90f1abc\" data-element_type=\"widget\" data-e-type=\"widget\" data-widget_type=\"text-editor.default\">\n\t\t\t\t<div class=\"elementor-widget-container\">\n\t\t\t\t\t\t\t\t\t<p>Das Fahrzeug kam im Lauf des zweiten Weltkriegs von den USA nach Deutschland. Nach Kriegsende kaufte die Schweizer Armee diverse amerikanische Fahrzeuge von der US Army. 1960 wurde dieses Fahrzeug versteigert und von der Feuerwehr Wittenbach f\u00fcr 300 Fr. gekauft. Es erfolgte ein Umbau zum Mannschaftstransporter bei Carosserie M\u00fcller in Romanshorn.<\/p>\n<p>1978 wurde das Fahrzeug ausser Dienst gestellt, der genaue Verbleib in den n\u00e4chsten Jahren ist unbekannt. 1995 wurde der Feuerwehrverein Wittenbach gegr\u00fcndet und \u00fcbernahm das Fahrzeug f\u00fcr Vereinszwecke.<\/p>\t\t\t\t\t\t\t\t<\/div>\n\t\t\t\t<\/div>\n\t\t\t\t<div class=\"elementor-element elementor-element-adcf326 elementor-widget elementor-widget-text-editor\" data-id=\"adcf326\" data-element_type=\"widget\" data-e-type=\"widget\" data-widget_type=\"text-editor.default\">\n\t\t\t\t<div class=\"elementor-widget-container\">\n\t\t\t\t\t\t\t\t\t\n<table id=\"tablepress-5\" class=\"tablepress tablepress-id-5\">\n<tbody class=\"row-striping\">\n<tr class=\"row-1\">\n\t<td class=\"column-1\">Erstzulassung<\/td><td class=\"column-2\">1942<\/td>\n<\/tr>\n<tr class=\"row-2\">\n\t<td class=\"column-1\">Indienststellung in Wittenbach<\/td><td class=\"column-2\">1960<\/td>\n<\/tr>\n<tr class=\"row-3\">\n\t<td class=\"column-1\">Ausserdienststellung<\/td><td class=\"column-2\">1978<\/td>\n<\/tr>\n<tr class=\"row-4\">\n\t<td class=\"column-1\">Hersteller<\/td><td class=\"column-2\">Dodge<\/td>\n<\/tr>\n<tr class=\"row-5\">\n\t<td class=\"column-1\">Klassifizierung <\/td><td class=\"column-2\">Mannschaftstransporter<\/td>\n<\/tr>\n<tr class=\"row-6\">\n\t<td class=\"column-1\">Motor<\/td><td class=\"column-2\">6 Zylinder, Benzin<\/td>\n<\/tr>\n<tr class=\"row-7\">\n\t<td class=\"column-1\">Antrieb<\/td><td class=\"column-2\">Allrad<\/td>\n<\/tr>\n<tr class=\"row-8\">\n\t<td class=\"column-1\">Getriebe<\/td><td class=\"column-2\">4 Gang, manuell, unsynchronisiert<\/td>\n<\/tr>\n<tr class=\"row-9\">\n\t<td class=\"column-1\">L\u00e4nge \/ Breite \/ H\u00f6he<\/td><td class=\"column-2\">5.00 m \/ 1.90 m \/ 2.45 m<\/td>\n<\/tr>\n<tr class=\"row-10\">\n\t<td class=\"column-1\">Gewicht<\/td><td class=\"column-2\">2000 kg<\/td>\n<\/tr>\n<\/tbody>\n<\/table>\n<!-- #tablepress-5 from cache -->\t\t\t\t\t\t\t\t<\/div>\n\t\t\t\t<\/div>\n\t\t\t\t\t<\/div>\n\t\t<\/div>\n\t\t\t\t<div class=\"elementor-column elementor-col-50 elementor-top-column elementor-element elementor-element-a25c075\" data-id=\"a25c075\" data-element_type=\"column\" data-e-type=\"column\">\n\t\t\t<div class=\"elementor-widget-wrap elementor-element-populated\">\n\t\t\t\t\t\t<div class=\"elementor-element elementor-element-a11698b elementor-widget elementor-widget-image\" data-id=\"a11698b\" data-element_type=\"widget\" data-e-type=\"widget\" data-widget_type=\"image.default\">\n\t\t\t\t<div class=\"elementor-widget-container\">\n\t\t\t\t\t\t\t\t\t\t\t\t\t\t\t<img decoding=\"async\" width=\"555\" height=\"391\" src=\"https:\/\/i0.wp.com\/fwwh.ch\/wp-content\/uploads\/2021\/06\/Landrover.jpg?fit=555%2C391&amp;ssl=1\" class=\"attachment-large size-large wp-image-2887\" alt=\"\" srcset=\"https:\/\/i0.wp.com\/fwwh.ch\/wp-content\/uploads\/2021\/06\/Landrover.jpg?w=555&amp;ssl=1 555w, https:\/\/i0.wp.com\/fwwh.ch\/wp-content\/uploads\/2021\/06\/Landrover.jpg?resize=300%2C211&amp;ssl=1 300w\" sizes=\"(max-width: 555px) 100vw, 555px\" \/>\t\t\t\t\t\t\t\t\t\t\t\t\t\t\t<\/div>\n\t\t\t\t<\/div>\n\t\t\t\t<div class=\"elementor-element elementor-element-89a3da0 elementor-widget elementor-widget-heading\" data-id=\"89a3da0\" data-element_type=\"widget\" data-e-type=\"widget\" data-widget_type=\"heading.default\">\n\t\t\t\t<div class=\"elementor-widget-container\">\n\t\t\t\t\t<h2 class=\"elementor-heading-title elementor-size-default\">Landrover<\/h2>\t\t\t\t<\/div>\n\t\t\t\t<\/div>\n\t\t\t\t<div class=\"elementor-element elementor-element-7acf0f3 elementor-widget elementor-widget-text-editor\" data-id=\"7acf0f3\" data-element_type=\"widget\" data-e-type=\"widget\" data-widget_type=\"text-editor.default\">\n\t\t\t\t<div class=\"elementor-widget-container\">\n\t\t\t\t\t\t\t\t\t<p>Das Fahrzeug wurde von 1971 bis 1990 als Atemschutzfahrzeug eingesetzt, danach bis 2000 als Verkehrsdienstfahrzeug. 2000 erfolgte die endg\u00fcltige Ausserdienststellung und die \u00dcbergabe an den Feuerwehrverein Wittenbach.<\/p><p>Als Besonderheit verf\u00fcgt das Fahrzeug \u00fcber das optional bei Land Rover erh\u00e4ltliche W\u00fcstendach.<\/p>\t\t\t\t\t\t\t\t<\/div>\n\t\t\t\t<\/div>\n\t\t\t\t<div class=\"elementor-element elementor-element-875cad1 elementor-widget elementor-widget-text-editor\" data-id=\"875cad1\" data-element_type=\"widget\" data-e-type=\"widget\" data-widget_type=\"text-editor.default\">\n\t\t\t\t<div class=\"elementor-widget-container\">\n\t\t\t\t\t\t\t\t\t<p>\n<table id=\"tablepress-6\" class=\"tablepress tablepress-id-6\">\n<tbody class=\"row-striping\">\n<tr class=\"row-1\">\n\t<td class=\"column-1\">Baujahr<\/td><td class=\"column-2\">1971<\/td>\n<\/tr>\n<tr class=\"row-2\">\n\t<td class=\"column-1\">Indienststellung<\/td><td class=\"column-2\">1971<\/td>\n<\/tr>\n<tr class=\"row-3\">\n\t<td class=\"column-1\">Ausserdienststellung<\/td><td class=\"column-2\">2000<\/td>\n<\/tr>\n<tr class=\"row-4\">\n\t<td class=\"column-1\">Hersteller<\/td><td class=\"column-2\">Landrover<\/td>\n<\/tr>\n<tr class=\"row-5\">\n\t<td class=\"column-1\">Klassifizierung<\/td><td class=\"column-2\">Ger\u00e4tewagen-Atemschutz(-Strahlenschutz)<\/td>\n<\/tr>\n<tr class=\"row-6\">\n\t<td class=\"column-1\">Motor<\/td><td class=\"column-2\"> 6 Zylinder, Benzin<\/td>\n<\/tr>\n<tr class=\"row-7\">\n\t<td class=\"column-1\">Antrib<\/td><td class=\"column-2\">Allrad<\/td>\n<\/tr>\n<tr class=\"row-8\">\n\t<td class=\"column-1\">Getribe<\/td><td class=\"column-2\">4 Gang mit Untersetzung und Sperren, manuell, synchronisiert<\/td>\n<\/tr>\n<tr class=\"row-9\">\n\t<td class=\"column-1\">Hubraum<\/td><td class=\"column-2\">2625 ccm<\/td>\n<\/tr>\n<tr class=\"row-10\">\n\t<td class=\"column-1\">Gesamtgewicht<\/td><td class=\"column-2\">2600 kg<\/td>\n<\/tr>\n<\/tbody>\n<\/table>\n<!-- #tablepress-6 from cache --><\/p>\t\t\t\t\t\t\t\t<\/div>\n\t\t\t\t<\/div>\n\t\t\t\t\t<\/div>\n\t\t<\/div>\n\t\t\t\t\t<\/div>\n\t\t<\/section>\n\t\t\t\t<section class=\"elementor-section elementor-top-section elementor-element elementor-element-9301772 elementor-section-boxed elementor-section-height-default elementor-section-height-default\" data-id=\"9301772\" data-element_type=\"section\" data-e-type=\"section\">\n\t\t\t\t\t\t<div class=\"elementor-container elementor-column-gap-default\">\n\t\t\t\t\t<div class=\"elementor-column elementor-col-100 elementor-top-column elementor-element elementor-element-e06f497\" data-id=\"e06f497\" data-element_type=\"column\" data-e-type=\"column\">\n\t\t\t<div class=\"elementor-widget-wrap\">\n\t\t\t\t\t\t\t<\/div>\n\t\t<\/div>\n\t\t\t\t\t<\/div>\n\t\t<\/section>\n\t\t\t\t<\/div>\n\t\t","protected":false},"excerpt":{"rendered":"<p>Unsere Oldtimer Der Feuerwehr-Verein Wittenbach besitzt zwei Oldtimer. Dodge CC Das Fahrzeug kam im Lauf des zweiten Weltkriegs von den USA nach Deutschland. Nach Kriegsende kaufte die Schweizer Armee diverse [&hellip;]<\/p>\n","protected":false},"author":1,"featured_media":0,"parent":0,"menu_order":0,"comment_status":"closed","ping_status":"closed","template":"","meta":{"ocean_post_layout":"full-screen","ocean_both_sidebars_style":"","ocean_both_sidebars_content_width":0,"ocean_both_sidebars_sidebars_width":0,"ocean_sidebar":"0","ocean_second_sidebar":"0","ocean_disable_margins":"enable","ocean_add_body_class":"","ocean_shortcode_before_top_bar":"","ocean_shortcode_after_top_bar":"","ocean_shortcode_before_header":"","ocean_shortcode_after_header":"","ocean_has_shortcode":"","ocean_shortcode_after_title":"","ocean_shortcode_before_footer_widgets":"","ocean_shortcode_after_footer_widgets":"","ocean_shortcode_before_footer_bottom":"","ocean_shortcode_after_footer_bottom":"","ocean_display_top_bar":"default","ocean_display_header":"default","ocean_header_style":"","ocean_center_header_left_menu":"0","ocean_custom_header_template":"0","ocean_custom_logo":0,"ocean_custom_retina_logo":0,"ocean_custom_logo_max_width":0,"ocean_custom_logo_tablet_max_width":0,"ocean_custom_logo_mobile_max_width":0,"ocean_custom_logo_max_height":0,"ocean_custom_logo_tablet_max_height":0,"ocean_custom_logo_mobile_max_height":0,"ocean_header_custom_menu":"0","ocean_menu_typo_font_family":"0","ocean_menu_typo_font_subset":"","ocean_menu_typo_font_size":0,"ocean_menu_typo_font_size_tablet":0,"ocean_menu_typo_font_size_mobile":0,"ocean_menu_typo_font_size_unit":"px","ocean_menu_typo_font_weight":"","ocean_menu_typo_font_weight_tablet":"","ocean_menu_typo_font_weight_mobile":"","ocean_menu_typo_transform":"","ocean_menu_typo_transform_tablet":"","ocean_menu_typo_transform_mobile":"","ocean_menu_typo_line_height":0,"ocean_menu_typo_line_height_tablet":0,"ocean_menu_typo_line_height_mobile":0,"ocean_menu_typo_line_height_unit":"","ocean_menu_typo_spacing":0,"ocean_menu_typo_spacing_tablet":0,"ocean_menu_typo_spacing_mobile":0,"ocean_menu_typo_spacing_unit":"","ocean_menu_link_color":"","ocean_menu_link_color_hover":"","ocean_menu_link_color_active":"","ocean_menu_link_background":"","ocean_menu_link_hover_background":"","ocean_menu_link_active_background":"","ocean_menu_social_links_bg":"","ocean_menu_social_hover_links_bg":"","ocean_menu_social_links_color":"","ocean_menu_social_hover_links_color":"","ocean_disable_title":"on","ocean_disable_heading":"default","ocean_post_title":"","ocean_post_subheading":"","ocean_post_title_style":"","ocean_post_title_background_color":"","ocean_post_title_background":0,"ocean_post_title_bg_image_position":"","ocean_post_title_bg_image_attachment":"","ocean_post_title_bg_image_repeat":"","ocean_post_title_bg_image_size":"","ocean_post_title_height":0,"ocean_post_title_bg_overlay":0.5,"ocean_post_title_bg_overlay_color":"","ocean_disable_breadcrumbs":"default","ocean_breadcrumbs_color":"","ocean_breadcrumbs_separator_color":"","ocean_breadcrumbs_links_color":"","ocean_breadcrumbs_links_hover_color":"","ocean_display_footer_widgets":"default","ocean_display_footer_bottom":"default","ocean_custom_footer_template":"0","footnotes":""},"class_list":["post-81","page","type-page","status-publish","hentry","entry"],"yoast_head":"<!-- This site is optimized with the Yoast SEO plugin v27.5 - https:\/\/yoast.com\/product\/yoast-seo-wordpress\/ -->\n<title>FWV: Unsere Oldtimer - Feuerwehr Wittenbach-H\u00e4ggenschwil<\/title>\n<meta name=\"description\" content=\"FWV: Unsere Oldtimer %\" \/>\n<meta name=\"robots\" content=\"index, follow, max-snippet:-1, max-image-preview:large, max-video-preview:-1\" \/>\n<link rel=\"canonical\" href=\"https:\/\/fwwh.ch\/index.php\/unsere-oldtimer\/\" \/>\n<meta property=\"og:locale\" content=\"de_DE\" \/>\n<meta property=\"og:type\" content=\"article\" \/>\n<meta property=\"og:title\" content=\"FWV: Unsere Oldtimer - Feuerwehr Wittenbach-H\u00e4ggenschwil\" \/>\n<meta property=\"og:description\" content=\"FWV: Unsere Oldtimer %\" \/>\n<meta property=\"og:url\" content=\"https:\/\/fwwh.ch\/index.php\/unsere-oldtimer\/\" \/>\n<meta property=\"og:site_name\" content=\"Feuerwehr Wittenbach-H\u00e4ggenschwil\" \/>\n<meta property=\"article:publisher\" content=\"https:\/\/www.facebook.com\/fwwh.ch\" \/>\n<meta property=\"article:modified_time\" content=\"2021-06-02T12:51:21+00:00\" \/>\n<meta property=\"og:image\" content=\"https:\/\/fwwh.ch\/wp-content\/uploads\/2021\/06\/Dodge-CC.jpg\" \/>\n<meta name=\"twitter:card\" content=\"summary_large_image\" \/>\n<meta name=\"twitter:label1\" content=\"Gesch\u00e4tzte Lesezeit\" \/>\n\t<meta name=\"twitter:data1\" content=\"1\u00a0Minute\" \/>\n<script type=\"application\/ld+json\" class=\"yoast-schema-graph\">{\"@context\":\"https:\\\/\\\/schema.org\",\"@graph\":[{\"@type\":\"WebPage\",\"@id\":\"https:\\\/\\\/fwwh.ch\\\/index.php\\\/unsere-oldtimer\\\/\",\"url\":\"https:\\\/\\\/fwwh.ch\\\/index.php\\\/unsere-oldtimer\\\/\",\"name\":\"FWV: Unsere Oldtimer - Feuerwehr Wittenbach-H\u00e4ggenschwil\",\"isPartOf\":{\"@id\":\"https:\\\/\\\/fwwh.ch\\\/#website\"},\"primaryImageOfPage\":{\"@id\":\"https:\\\/\\\/fwwh.ch\\\/index.php\\\/unsere-oldtimer\\\/#primaryimage\"},\"image\":{\"@id\":\"https:\\\/\\\/fwwh.ch\\\/index.php\\\/unsere-oldtimer\\\/#primaryimage\"},\"thumbnailUrl\":\"https:\\\/\\\/fwwh.ch\\\/wp-content\\\/uploads\\\/2021\\\/06\\\/Dodge-CC.jpg\",\"datePublished\":\"2020-12-23T17:56:53+00:00\",\"dateModified\":\"2021-06-02T12:51:21+00:00\",\"description\":\"FWV: Unsere Oldtimer %\",\"breadcrumb\":{\"@id\":\"https:\\\/\\\/fwwh.ch\\\/index.php\\\/unsere-oldtimer\\\/#breadcrumb\"},\"inLanguage\":\"de\",\"potentialAction\":[{\"@type\":\"ReadAction\",\"target\":[\"https:\\\/\\\/fwwh.ch\\\/index.php\\\/unsere-oldtimer\\\/\"]}]},{\"@type\":\"ImageObject\",\"inLanguage\":\"de\",\"@id\":\"https:\\\/\\\/fwwh.ch\\\/index.php\\\/unsere-oldtimer\\\/#primaryimage\",\"url\":\"https:\\\/\\\/i0.wp.com\\\/fwwh.ch\\\/wp-content\\\/uploads\\\/2021\\\/06\\\/Dodge-CC.jpg?fit=550%2C388&ssl=1\",\"contentUrl\":\"https:\\\/\\\/i0.wp.com\\\/fwwh.ch\\\/wp-content\\\/uploads\\\/2021\\\/06\\\/Dodge-CC.jpg?fit=550%2C388&ssl=1\",\"width\":550,\"height\":388},{\"@type\":\"BreadcrumbList\",\"@id\":\"https:\\\/\\\/fwwh.ch\\\/index.php\\\/unsere-oldtimer\\\/#breadcrumb\",\"itemListElement\":[{\"@type\":\"ListItem\",\"position\":1,\"name\":\"Startseite\",\"item\":\"https:\\\/\\\/fwwh.ch\\\/\"},{\"@type\":\"ListItem\",\"position\":2,\"name\":\"FWV: Unsere Oldtimer\"}]},{\"@type\":\"WebSite\",\"@id\":\"https:\\\/\\\/fwwh.ch\\\/#website\",\"url\":\"https:\\\/\\\/fwwh.ch\\\/\",\"name\":\"Feuerwehr Wittenbach-H\u00e4ggenschwil\",\"description\":\"\",\"publisher\":{\"@id\":\"https:\\\/\\\/fwwh.ch\\\/#organization\"},\"potentialAction\":[{\"@type\":\"SearchAction\",\"target\":{\"@type\":\"EntryPoint\",\"urlTemplate\":\"https:\\\/\\\/fwwh.ch\\\/?s={search_term_string}\"},\"query-input\":{\"@type\":\"PropertyValueSpecification\",\"valueRequired\":true,\"valueName\":\"search_term_string\"}}],\"inLanguage\":\"de\"},{\"@type\":\"Organization\",\"@id\":\"https:\\\/\\\/fwwh.ch\\\/#organization\",\"name\":\"Feuerwehr Wittenbach-H\u00e4ggenschwil\",\"url\":\"https:\\\/\\\/fwwh.ch\\\/\",\"logo\":{\"@type\":\"ImageObject\",\"inLanguage\":\"de\",\"@id\":\"https:\\\/\\\/fwwh.ch\\\/#\\\/schema\\\/logo\\\/image\\\/\",\"url\":\"https:\\\/\\\/i0.wp.com\\\/fwwh.ch\\\/wp-content\\\/uploads\\\/2020\\\/12\\\/FWWH_Signet_1-1.jpg?fit=2157%2C1671&ssl=1\",\"contentUrl\":\"https:\\\/\\\/i0.wp.com\\\/fwwh.ch\\\/wp-content\\\/uploads\\\/2020\\\/12\\\/FWWH_Signet_1-1.jpg?fit=2157%2C1671&ssl=1\",\"width\":2157,\"height\":1671,\"caption\":\"Feuerwehr Wittenbach-H\u00e4ggenschwil\"},\"image\":{\"@id\":\"https:\\\/\\\/fwwh.ch\\\/#\\\/schema\\\/logo\\\/image\\\/\"},\"sameAs\":[\"https:\\\/\\\/www.facebook.com\\\/fwwh.ch\",\"https:\\\/\\\/www.instagram.com\\\/fwwh.ch\\\/\",\"https:\\\/\\\/www.youtube.com\\\/channel\\\/UC6GgVz5vGEAlQbxNXs1pTqA\"]}]}<\/script>\n<!-- \/ Yoast SEO plugin. -->","yoast_head_json":{"title":"FWV: Unsere Oldtimer - Feuerwehr Wittenbach-H\u00e4ggenschwil","description":"FWV: Unsere Oldtimer %","robots":{"index":"index","follow":"follow","max-snippet":"max-snippet:-1","max-image-preview":"max-image-preview:large","max-video-preview":"max-video-preview:-1"},"canonical":"https:\/\/fwwh.ch\/index.php\/unsere-oldtimer\/","og_locale":"de_DE","og_type":"article","og_title":"FWV: Unsere Oldtimer - Feuerwehr Wittenbach-H\u00e4ggenschwil","og_description":"FWV: Unsere Oldtimer %","og_url":"https:\/\/fwwh.ch\/index.php\/unsere-oldtimer\/","og_site_name":"Feuerwehr Wittenbach-H\u00e4ggenschwil","article_publisher":"https:\/\/www.facebook.com\/fwwh.ch","article_modified_time":"2021-06-02T12:51:21+00:00","og_image":[{"url":"https:\/\/fwwh.ch\/wp-content\/uploads\/2021\/06\/Dodge-CC.jpg","type":"","width":"","height":""}],"twitter_card":"summary_large_image","twitter_misc":{"Gesch\u00e4tzte Lesezeit":"1\u00a0Minute"},"schema":{"@context":"https:\/\/schema.org","@graph":[{"@type":"WebPage","@id":"https:\/\/fwwh.ch\/index.php\/unsere-oldtimer\/","url":"https:\/\/fwwh.ch\/index.php\/unsere-oldtimer\/","name":"FWV: Unsere Oldtimer - Feuerwehr Wittenbach-H\u00e4ggenschwil","isPartOf":{"@id":"https:\/\/fwwh.ch\/#website"},"primaryImageOfPage":{"@id":"https:\/\/fwwh.ch\/index.php\/unsere-oldtimer\/#primaryimage"},"image":{"@id":"https:\/\/fwwh.ch\/index.php\/unsere-oldtimer\/#primaryimage"},"thumbnailUrl":"https:\/\/fwwh.ch\/wp-content\/uploads\/2021\/06\/Dodge-CC.jpg","datePublished":"2020-12-23T17:56:53+00:00","dateModified":"2021-06-02T12:51:21+00:00","description":"FWV: Unsere Oldtimer %","breadcrumb":{"@id":"https:\/\/fwwh.ch\/index.php\/unsere-oldtimer\/#breadcrumb"},"inLanguage":"de","potentialAction":[{"@type":"ReadAction","target":["https:\/\/fwwh.ch\/index.php\/unsere-oldtimer\/"]}]},{"@type":"ImageObject","inLanguage":"de","@id":"https:\/\/fwwh.ch\/index.php\/unsere-oldtimer\/#primaryimage","url":"https:\/\/i0.wp.com\/fwwh.ch\/wp-content\/uploads\/2021\/06\/Dodge-CC.jpg?fit=550%2C388&ssl=1","contentUrl":"https:\/\/i0.wp.com\/fwwh.ch\/wp-content\/uploads\/2021\/06\/Dodge-CC.jpg?fit=550%2C388&ssl=1","width":550,"height":388},{"@type":"BreadcrumbList","@id":"https:\/\/fwwh.ch\/index.php\/unsere-oldtimer\/#breadcrumb","itemListElement":[{"@type":"ListItem","position":1,"name":"Startseite","item":"https:\/\/fwwh.ch\/"},{"@type":"ListItem","position":2,"name":"FWV: Unsere Oldtimer"}]},{"@type":"WebSite","@id":"https:\/\/fwwh.ch\/#website","url":"https:\/\/fwwh.ch\/","name":"Feuerwehr Wittenbach-H\u00e4ggenschwil","description":"","publisher":{"@id":"https:\/\/fwwh.ch\/#organization"},"potentialAction":[{"@type":"SearchAction","target":{"@type":"EntryPoint","urlTemplate":"https:\/\/fwwh.ch\/?s={search_term_string}"},"query-input":{"@type":"PropertyValueSpecification","valueRequired":true,"valueName":"search_term_string"}}],"inLanguage":"de"},{"@type":"Organization","@id":"https:\/\/fwwh.ch\/#organization","name":"Feuerwehr Wittenbach-H\u00e4ggenschwil","url":"https:\/\/fwwh.ch\/","logo":{"@type":"ImageObject","inLanguage":"de","@id":"https:\/\/fwwh.ch\/#\/schema\/logo\/image\/","url":"https:\/\/i0.wp.com\/fwwh.ch\/wp-content\/uploads\/2020\/12\/FWWH_Signet_1-1.jpg?fit=2157%2C1671&ssl=1","contentUrl":"https:\/\/i0.wp.com\/fwwh.ch\/wp-content\/uploads\/2020\/12\/FWWH_Signet_1-1.jpg?fit=2157%2C1671&ssl=1","width":2157,"height":1671,"caption":"Feuerwehr Wittenbach-H\u00e4ggenschwil"},"image":{"@id":"https:\/\/fwwh.ch\/#\/schema\/logo\/image\/"},"sameAs":["https:\/\/www.facebook.com\/fwwh.ch","https:\/\/www.instagram.com\/fwwh.ch\/","https:\/\/www.youtube.com\/channel\/UC6GgVz5vGEAlQbxNXs1pTqA"]}]}},"jetpack_sharing_enabled":true,"_links":{"self":[{"href":"https:\/\/fwwh.ch\/index.php\/wp-json\/wp\/v2\/pages\/81","targetHints":{"allow":["GET"]}}],"collection":[{"href":"https:\/\/fwwh.ch\/index.php\/wp-json\/wp\/v2\/pages"}],"about":[{"href":"https:\/\/fwwh.ch\/index.php\/wp-json\/wp\/v2\/types\/page"}],"author":[{"embeddable":true,"href":"https:\/\/fwwh.ch\/index.php\/wp-json\/wp\/v2\/users\/1"}],"replies":[{"embeddable":true,"href":"https:\/\/fwwh.ch\/index.php\/wp-json\/wp\/v2\/comments?post=81"}],"version-history":[{"count":47,"href":"https:\/\/fwwh.ch\/index.php\/wp-json\/wp\/v2\/pages\/81\/revisions"}],"predecessor-version":[{"id":2902,"href":"https:\/\/fwwh.ch\/index.php\/wp-json\/wp\/v2\/pages\/81\/revisions\/2902"}],"wp:attachment":[{"href":"https:\/\/fwwh.ch\/index.php\/wp-json\/wp\/v2\/media?parent=81"}],"curies":[{"name":"wp","href":"https:\/\/api.w.org\/{rel}","templated":true}]}}